f b.
3
Suppose -4*a = z - 321, -7*a = -5*a - 10. Suppose -4*m + 3175 + z = 0. List the prime factors of m.
11, 79
Let w(r) = -r**3 - 3*r**2 - 21*r + 7. List the prime factors of w(-22).
5, 1933
Suppose k + 385 = u, -u + 385 = 2*k - 0*k. Suppose -a + u = q, 2*q = -3*q + 3*a + 1917. Suppose -4*j - c = -q, j + 2*j = 5*c + 311. List the prime factors of j.
97
Suppose 5*d + 3*a = 24902, 3*d + 9*a = 4*a + 14938. What are the prime factors of d?
17, 293
Let q be (580/(-1))/(-4) - (1 - 2). Suppose 715 - q = r. What are the prime factors of r?
569
Let a = -5 + 6. Let s be a*4 + -24 + -4 + -3. Let x = s + 68. What are the prime factors of x?
41
Let d(a) = 4*a - 9. Let u be d(7). Suppose 0 = 19*q - 31*q - 888. Let l = u - q. List the prime factors of l.
3, 31
Let s(n) = 4*n**2 + 12*n + 4055. List the prime factors of s(0).
5, 811
Suppose 2*o - d = -2*d + 4, -2*d + 8 = 3*o. Let t be 5*7*1920/50. Suppose o = -j - 7*j + t. List the prime factors of j.
2, 3, 7
Suppose 0 = 2*x - 4*k - 74, 5*x - 3*x - k - 80 = 0. Let z = -38 + x. Suppose 8*b = z*b - 10, 5*g + 4*b - 642 = 0. List the prime factors of g.
2, 5, 13
Suppose -2*a = 19*a - 308289 + 29976. What are the prime factors of a?
29, 457
Let f(x) = 21 + 12*x - 7 + 4*x**2 + 18 + 15. List the prime factors of f(-7).
3, 53
Let j(m) = -272*m + 1588. What are the prime factors of j(-26)?
2, 5, 433
Let o(p) = 2*p**2 - 18*p - 32. Let c be o(15). Suppose 32 = -i + 4*w, c = -2*i - i - w. Let l = 307 + i. List the prime factors of l.
7, 37
Let x(u) = -11*u**3 + 318*u**2 + 37*u - 3. What are the prime factors of x(29)?
229
Suppose 7*k = -4*g + 6*k - 3, 5 = k. List the prime factors of g + 593 - (-25)/5.
2, 149
Suppose 307 + 5 = -52*w. Let y(d) = -29*d + 251. What are the prime factors of y(w)?
5, 17
Let d(q) = 2*q**3 + 26*q**2 - 53*q - 27. Let i be d(-15). Suppose 5*x + 3*p + 999 = 0, 5*p + 342 = 4*x + 1156. Let n = i - x. List the prime factors of n.
3, 23
Let b(p) = -p**3 - p + 2 + 83 + 2*p**2 - 3*p. List the prime factors of b(0).
5, 17
Suppose 5*a = -4*l + 161 + 86, 284 = 5*l - 2*a. Let s(w) = -w**3 - w + 83. Let k be s(0). Let f = k + l. What are the prime factors of f?
3, 47
What are the prime factors of ((-28)/(-14))/2*(12512 + -3)?
7, 1787
Let n be 7/63*84*(-129)/(-4). Suppose -311*r = -n*r - 9660. List the prime factors of r.
2, 3, 7, 23
Suppose 2*y + 6764 = 21*y. Let s = 747 - y. What are the prime factors of s?
17, 23
Let v be 28*((-45)/(-4) - (4 + -4)). Suppose v = 5*g - 2*h, 3*g + h - 89 - 100 = 0. Let c = 122 - g. What are the prime factors of c?
59
Let m(z) = 2*z - 3. Let y be m(4). Suppose 0 = 5*r + y*l - 2450, -1485 = -11*r + 8*r + 2*l. List the prime factors of r.
17, 29
Let r = -176 - -5395. List the prime factors of r.
17, 307
Suppose -49*t = -160048 + 15305 + 13864. List the prime factors of t.
2671
Suppose 33380 = 2*k - 10*k + 9*k. List the prime factors of k.
2, 5, 1669
Suppose -5 = 5*x - 35. Suppose -7*w - x*w + 4550 = 0. What are the prime factors of w?
2, 5, 7
Suppose 0 = 4*w - 4*b + 3*b + 99, -3*b = -w - 33. Let q be (0 - 2)/((-6 + 10)/w). Suppose -q*o + 9*o = -336. What are the prime factors of o?
2, 7
Let j(p) = p**2 - 19*p - 101. Let t be j(29). Suppose 0 = -t*h + 185*h + 784. What are the prime factors of h?
2, 7
Let x(n) = 2*n**3 + 21*n**2 - 8*n + 17. Let d be (-282)/30 - (-8)/20. List the prime factors of x(d).
2, 83
Suppose 85 - 607 = 3*t. Let u = t + 381. List the prime factors of u.
3, 23
Suppose -314733 = -59*x + 160040. What are the prime factors of x?
13, 619
Let b(d) = -5*d + d**2 + 1 + 8*d**2 - 8*d**2. Let a be b(4). What are the prime factors of ((-2)/a)/((-3)/(-297))?
2, 3, 11
Let d(z) = 3 - 11 + 4*z - 15 + 4. Let p be d(6). Suppose 0 = -7*k + 4*k - q + 556, 0 = -2*k - p*q + 388. List the prime factors of k.
2, 23
Let u = 8 + -25. Let f = -58 + u. Let s = -2 - f. What are the prime factors of s?
73
Let a be (4*5 - 2)*-3. Suppose 0 = 3*z - 19 + 22, 138 = j + 2*z. Let c = a + j. List the prime factors of c.
2, 43
Suppose 10*f - 148890 = -14*j + 15*j, 4*j = -f + 14889. List the prime factors of f.
3, 7, 709
Let t(w) = -100*w - 225. Let v(q) = -67*q - 149. Let x(i) = -5*t(i) + 8*v(i). What are the prime factors of x(-10)?
293
Let f(u) = 11*u**2 + 5*u - 7. Let q = 46 - 24. Suppose -31 = -3*w + 5*c, -w + 2*c + q = -2*c. What are the prime factors of f(w)?
47
Let s = 21 + -19. Let r be 3 - ((-6)/2 + (162 - s)). Let v = r - -289. What are the prime factors of v?
3, 5
What are the prime factors of (-9*(-11)/(-165))/(2/(-41840))?
2, 3, 523
What are the prime factors of (-4 - -3) + -13 - (-73074 - -8)?
2, 7, 2609
Suppose 0 = -p - 2*i + 2353, 3*p - 3*i + 1783 - 8860 = 0. List the prime factors of p.
2357
Let m = -565 - -62117. List the prime factors of m.
2, 3847
Suppose 12*z + 200 = -8*z. What are the prime factors of 12/z*(2 + 6 + -913)?
2, 3, 181
Suppose -f + 12 = 3*f. Suppose 608 = 6*q - 280. Suppose 0 = -4*a - 4*o + 5*o + q, f*a = -4*o + 92. What are the prime factors of a?
2, 3
Let a = 81 + -79. Suppose -a*o - 1048 = -4*o. List the prime factors of o.
2, 131
Suppose -4*u - 12 + 20 = 2*i, u = -4*i + 16. Suppose 2*j + 4*h - 2270 = u, -5*h + 3393 = 3*j - 2*h. List the prime factors of j.
7, 23
Suppose 13*m = -4*g + 14*m - 27, -3*g - 2*m = 12. List the prime factors of (2300/g)/(-4*4/24).
5, 23
Let w be 1326 - 0*7/35. List the prime factors of (w/(-5))/(870/100 + -9).
2, 13, 17
Let o = 399 - -1357. Suppose 878 = 2*p + 2*j, -o = -4*p - 9*j + 13*j. What are the prime factors of p?
439
Suppose 16*q + 13407 = 18*q + 3*g, 0 = -4*q + 4*g + 26724. List the prime factors of q.
2, 3, 5, 223
Suppose z = -58 - 60. Let v = -50 - z. Let o = -65 + v. What are the prime factors of o?
3
Suppose 0 = 4*f + 12, 4*a - 192448 = 7*f - 695. List the prime factors of a.
47933
Let t = -18464 - -37396. Suppose 13*k - t = -342. What are the prime factors of k?
2, 5, 11, 13
Suppose -329 - 1671 = -d + b, -3*d = 3*b - 5994. List the prime factors of d.
1999
Suppose 2*n - 53 - 39 = 0. Suppose -29 = -5*k + n. Let r(a) = 13*a - 39. List the prime factors of r(k).
2, 3, 13
Suppose 16032 = 8*n - 7280. Let m = n + -1448. List the prime factors of m.
2, 733
Let p(s) = -2*s + 5*s - 15 + 9. Let u be p(4). Suppose -9*i + 51 = -u*i. What are the prime factors of i?
17
Let n = 16 - 14. Suppose 0 = 3*l - 2*f + f - 591, n*l + 5*f - 377 = 0. Suppose l = 3*h - q + 3*q, 4*h = 2*q + 238. What are the prime factors of h?
2, 31
Suppose -v + 19796 = -0*v - 6439. List the prime factors of v.
3, 5, 11, 53
Let g = -22489 + 24170. What are the prime factors of g?
41
Let h be (((-7)/(-21))/(-1))/((-1)/15). Let d(o) = 24*o**2 - 8*o - 4. What are the prime factors of d(h)?
2, 139
Let t = -505 + 204. Let z = t + 573. List the prime factors of z.
2, 17
Let b(o) = 35*o + 594. List the prime factors of b(88).
2, 11, 167
What are the prime factors of 5/(140/(-14))*-14 + (50939 - -1)?
13, 3919
Let m be (-6 + 7)*432/6. Suppose -5*n = -8*n + m. What are the prime factors of n?
2, 3
Let p(z) = z**3 + 46*z**2 - 168*z - 108. What are the prime factors of p(-49)?
3, 307
Suppose 12*w = 79586 + 172426. List the prime factors of w.
21001
Suppose 3*t - 330 = -t - 2*a, -2*t + 162 = -2*a. Let l = t + 439. List the prime factors of l.
521
Let u = 5827 + 1771. What are the prime factors of u?
2, 29, 131
Let v(g) = 12*g - 22. Let w(p) = 34*p - 66. Let o(m) = -m**2 - 3*m + 48. Let l be o(5). Let b(h) = l*v(h) - 3*w(h). List the prime factors of b(-6).
2, 29
List the prime factors of (364/(-7))/(-13) - -1294.
2, 11, 59
Suppose -3*z + 175 = -2*c, -6*z + z + c + 301 = 0. Suppose 67 - z = 3*n. Suppose -4*o + 313 = 4*m + 21, n*o + 5*m = 134. What are the prime factors of o?
7, 11
Suppose 0 = 3*d - 382 + 337. Suppose d*c - 2883 = 1632. List the prime factors of c.
7, 43
Let n(q) = -1859*q + 2. Let u be n(-1). Suppose -6*c + u = 403. Suppose 5*h - c = 2*w, 5*h + 2*w - 7*w = 255. List the prime factors of h.
47
Let j(w) = -9*w - 8. Let y be j(-3). Let s(d) = -2*d**2 + 10*d**2 + y + d - 12 + 0*d**2. List the prime factors of s(3).
2, 41
Suppose 0*t + 4*t - 4*v - 51644 = 0, 3*v = -t + 12935. List the prime factors of t.
12917
Let f(s) = 3*s + s**2 - 2 - 3 + 3 - s. Let v be f(3). Let x = v + 3. List the prime factors of x.
2
Suppose k - 30674 = -4*r, 0 = -3*r - k + 23285 